0 - 7))?
-46
What is -2 + -25 + -3 + 6?
-24
What is the value of (-41 - 2) + 2 - (4 - 14 - 8 - -9)?
-32
What is 274 + -304 - (-108 + -7 - 3)?
88
Calculate (32 - -2) + (18 - ((23 - 45) + 23)).
51
What is the value of -40 + -3 + -6 + 15 + 6?
-28
(-15 - 1) + (-600 - -593) + 88
65
What is (-27 - 3) + 65 + -22 - (-40 + 0)?
53
What is (-4 - 9 - -4) + 13 + 18?
22
Calculate (132 - 2) + (6 - (-39 - -69 - 29)).
135
15 - (-12 + 24 - 24) - (-22 - -18)
31
(16 + -92 - -105) + -6
23
Evaluate 20 + -2 + 42 + (-9 - 42).
9
-63 - (-84 + (-8 - -48))
-19
Evaluate (-1653 - -1638) + -4 + 2 + -29 + -9.
-55
Calculate (-76 - (-67 + 6)) + -48.
-63
What is (147 - 74) + 1 + -97?
-23
Calculate 161 + -155 + (-15 - -3) - (-2 + 11).
-15
Evaluate -18 - (13 - (-9 + -31)).
-71
Evaluate -30 + -55 - -163 - (8 + -1).
71
What is the value of -40 + 2 - (-87 + 58)?
-9
What is (13 - (-14 - 25)) + -87?
-35
Evaluate 69 - (53 + -26 + -8).
50
Calculate -2 - (51 + -5 + 10) - (-47 - (45 - 85)).
-51
What is -9 + 25 + (17 - 31 - -25)?
27
What is -68 - (54 - 37 - 42)?
-43
(-6 - -9) + -20 - (-61 - -15)
29
Calculate 2 + 18 + (-259 - (-112 + -74)).
-53
Calculate 1427 - 1367 - (27 + -1) - 18.
16
Evaluate (-7 - (-7 - -10)) + (64 - 128).
-74
What is the value of (109 - 194) + 1 - -54?
-30
What is the value of (-29 + (-30 - -42) - (3 + -62)) + 8?
50
Calculate ((-44 - -31) + 13 - (-4 + 1 + -8)) + 19.
30
Evaluate -43 + -12 + (15 - (-5 + (16 - 0))).
-51
Calculate 15 + (0 - 47) + 38.
6
What is the value of -20 - (2 - (-44 + 53))?
-13
Calculate -40 + (-4 + (-5 + 19 - 26) - -3).
-53
What is the value of (-1 - 53) + (11 - 41 - -46)?
-38
((-28 - 12) + 28 - (1 + 0)) + -43
-56
What is the value of 26 + (-36 - -43) + (-26 - -9) + 0?
16
Evaluate 1 + -4 + 4 + (30 - 3) + -8.
20
Calculate (4 - -7 - 5 - -1) + 1 + -41 - -2.
-31
Calculate -93 - (80 + -60 + -40).
-73
What is the value of 8 + 40 - -27 - -2?
77
What is the value of 80 + -120 + 16 + (-21 - -2) + 2?
-41
What is 37 - (24 - ((-2 - -15) + -90))?
-64
Evaluate 1504 + -1520 + (1 - (-4 + 17)).
-28
What is 31 - ((-69 - 1) + -1569 + 1608)?
62
What is the value of (37 + -66 - 21) + 28?
-22
What is the value of (-38 - -12) + (-40 - -134) + -4 + 3 + 0?
67
(-64 - 5) + (1639 - 1577)
-7
What is 5 + 0 + -32 - (75 - 71)?
-31
Calculate (-19 - -28) + (-1 - 6) + (-22 - 40).
-60
What is 82 - 82 - (17 + (-3 - 21) - (-108 + 0))?
-101
-70 + -10 - (27 - (-16 + 68))
-55
Calculate 1 + 2 - (2 - 17) - (-43 - 51 - -93).
19
Evaluate (-27 - 23 - -24) + 31.
5
41 + (-17 - -57) + 1 + 5 + -10
77
(6 + -10 - 2) + -63 + 33 + 69
33
Evaluate -1 + 1 + 29 + 3 - (1485 + -1475).
22
What is the value of (-1 - -20 - 1) + (-114 - (-311 + 113))?
102
Calculate (19 - 47) + 19 - ((1 - -45) + -3 - 0).
-52
What is the value of -26 - -24 - (9 - -5 - (-7 - -20))?
-3
(208 + -228 - (2 + -17)) + -35
-40
-15 - (-12 - (26 - 15) - -7)
1
Calculate -49 + 23 + -4 + 11 + -2 - -132.
111
(-83 - -21) + -1 + 81
18
Evaluate 1 + 3 + -3 + 8 - (-597 - -592).
14
What is (-109 - -113 - 15) + 0 + 67?
56
What is (-43 - -4) + (-419 - -368)?
-90
Calculate 141 + ((-11 - -35) + -54 - 2).
109
0 + 4 - 2 - (45 + 16 + 9)
-68
What is the value of 72 - 63 - (9 - (-6 - -3))?
-3
130 + (-58 - (-83 + 80))
75
What is the value of 19 + (5 - (6 - -22)) + -28?
-32
Calculate -109 + -1 - (187 - -136 - 358).
-75
4 + -19 - (-39 + 57 - 4)
-29
Evaluate 15 + 2 - 2 - ((0 - -4) + (309 - 357)).
59
Calculate (-48 - (-2 - 0)) + (10 - (-30 - (-81 - -30))).
-57
What is the value of -12230 + 12212 - (2 - 76)?
56
Evaluate -10 + -4 - (-26 + -45 + (-5 - -23)).
39
-127 + -51 + 165 + (-4 - -6) + -6 + -2
-19
Calculate 20 - (((1 - 20) + 29 - -14) + -6).
2
What is the value of 48 - ((20 - 36) + -10)?
74
-1 - (11 + (16 - 28) + 3 + (-1 - -36))
-38
37 - (-22 + (-13 - -102 - -27))
-57
(-11 - 8) + (-36 - -38) + 28
11
What is (5 - (-35 + 52)) + -39 - 33?
-84
What is the value of -1 + (29 - 1) + 72 + -19 + -50?
30
Calculate (30 - (-28 - -45)) + (-1 - -1) - -10.
23
What is -16 - (-4 - (25 - 26) - 11)?
-2
Calculate (-1 - (34 + -3 + -8 + 4)) + -11.
-39
What is the value of (49 - (75 + 0 + -34)) + 0?
8
Evaluate 3 - (1 - (-12 - (-9 - -2 - -3) - -42)).
36
86 + -75 + (-4 - -4 - -5)
16
Calculate (-29 + (3 - 1) - (5 + 4)) + 12.
-24
Evaluate -25 - (0 - 1) - (2 + -10 - (136 - 140)).
-20
What is the value of (-105 - -76) + (-74 - -17)?
-86
(-35 - -38 - 29) + 1
-25
What is the value of (-7 - 7) + (-223 - -243)?
6
(25 - 31) + 18 + -2 - 66
-56
Evaluate (-2 - 1) + (35 - -22 - (10 + -5)).
49
Evaluate 6 - (-2 + (-29 - -3) + -10).
44
-11 - (2 - -24) - (13 + -18 + -9)
-23
What is the value of (-11 - -4) + 7 - -80?
80
Evaluate -191 + 275 - (3 + 1 - (11 - (0 + 5))).
86
Evaluate 19 + (-2 - (85 - 0)) + (-4 - (5 - 1)).
-76
Evaluate -1 - 50 - (39 + -19 - (53 + -2) - -20).
-40
What is -2 + (1 - 3) + -1 + 38 + 3?
36
What is 24 - -10 - (-29 - -36)?
27
What is 2 - -20 - (-6 + (30 - -12))?
-14
What is the value of (-1 - 0 - -1) + 60 + 11 + -19 - 0?
52
Evaluate 39 + 24 - 144 - ((10 - -1) + 1).
-93
(-2 - 2) + 8 + 148 + -146 + 2 + 8
16
Evaluate (0 + 0 - -9) + 645 + -653 + 36.
37
27 - (-40 - -53 - -18)
-4
Calculate -17 + (4 - -10 - (94 + -89)).
-8
Evaluate -1 + 0 + (58 - (2 + -10) - 16).
49
What is the value of 100 + (-5 - (296 + -126))?
-75
What is the value of -6 + (36 - 52) + 43?
21
What is the value of -61 + 6 - -5 - (39 + (35 - 60))?
-64
235 - 210 - (1 + (-1 - (4 + 4)))
33
Calculate 45 - (-97 + 79 - 33).
96
What is 3 + (-23 - 115) + (15 + (1 - 4) - 4)?
-127
Calculate (-3 - 6 - 6) + 106 + -102.
-11
Calculate 0 - 43 - (77 + -27 + -58).
-35
Calculate -40 + -2 + 3759 + -3738.
-21
What is the value of 27 + 3 + -53 + (82 - 2)?
57
Calculate 42 + -14 - (-444 + 413).
59
What is the value of (33 + -63 - -28) + -12 + 5 + -1?
-10
What is the value of -28 - (-7 + 13 + 6) - (18 - 10)?
-48
What is the value of 6 + -3 + -39 - (-4 - 7 - (-1 + 0))?
-26
Evaluate 2 + (2 - -77) + -33 + (41 + -90 - -75).
74
Evaluate -90 - 16 - (54 + -46 - (-13 + 5)).
-122
Calculate -59 - (1 - 0) - (2 + -11 + (-1649 - -1656)).
-58
What is -8 - (-14 - 4) - (55 + 11)?
-56
What is the value of (-9 - (-68 - 3)) + 2 + -13 + -3?
48
What is (16 - 1) + (50 + -42 - -1) + 6?
30
18 - (60 - (79 - 88))
-51
What is -241 - -280 - (3 + 73)?
-37
What is 2 - ((-7 - 12) + 16) - 72?
-67
Evaluate -21 + 4 + -9 + (-74 - (-87 + 18)).
-31
What is the value of -29 - (109 + -154) - 52?
-36
Evaluate (-213 - -179) + 27 + 6 - (47 - -1).
-49
What is (3 - 5) + 64 + (-25 + -3 - -42)?
76
What is -50 + -1 + 169 + -154 + -16 + 2?
-50
What is the value of 16 + 2 + 12 + -2 + -69?
-41
Calculate (-30 - (-94 - -51)) + (-4 - -2 - 10 - -1).
2
What is the value of 67 - (-28 - -50) - 16?
29
-53 + (-18 - -3 - -8) + 11 - (-14 - -5)
-40
What is (-12 - 5 - 13) + 4 + -16?
-42
Calculate -56 - (1 - 1 - ((3 - -6 - 0) + -8)).
-55
What is 138 - (-27 - -134) - 57?
-26
What is the value of (5 - 2) + 98 + -6 - (-4 - -11 - 20)?
108
-1 + 36 + -36 + (-47 - -4 - -2)
-42
Evaluate 325 + -388 - (-9 + 10).
-64
Calculate (880 - 910) + (-18 - 1).
-49
Evaluate (27 + (-18 - -13) - -2) + -45.
-21
What is 25 + 26 + 7 + -38 + -2 + -30?
-12
What is the value of 58 - (8 + (9 + -26 - -28) + -6 + 0)?
45
What is -27 - ((19 - 43) + 19 - -7)?
-29
Calculate (-16 - (-1 - 15)) + (-11 - (10 - 9)).
-12
What is 4 + 13 + -5 - ((-414 - -419) + (-1 - -45))?
-37
What is 123 + -66 + (-1 - -19) + -35?
40
Evaluate (-16 - (-20 + -9 + 10)) + -45.
-42
What is -18 - 25 - (29 - 67)?
-5
Calculate (4 - 14 - 16) + ((-4 - 1) + 0 - -2).
-29
What is the value of -19 - (4 - -10 - (-8 - -111 - -6))?
76
Calculate -63 - (-51 - -37) - -44.
-5
Evaluate 10 + 0 + 0 + (38 - 24 - 111) + 0.
-87
27 - 8 - 12 - (4 + 6) - -6
3
What is -50 - ((3 - -5) + 5 + (10 - 16) - 1)?
-56
Evaluate (1 - 22) + 2154 + -2075.
58
What is -59 + 4 + -32 + -26 + 5 + 4?
-104
80 + 17 + 67 + -78
86
What is the value of 25 + -50 + 3 + (-8 - -5 - 7)?
-32
What is the value of (11 - (61 + 2 + (49 - (29 + 21)))) + 5?
-46
Calculate (-5 + 24 - -2) + -17 - 28.
-24
-109 + 122 + (3 - -6 - (0 - (-3 - 0)))
19
What is the value of 0 + -65 - (-1807 + 1726)?
16
Evaluate 57 + -15 + (26 - ((2 - -1) + 9)).
56
What is 15 + (30 - 22 - 64) + -5?
-46
Evaluate -6 - (-62 - (-22 - (-13 - -14))).
33
Evaluate (-1 - -15 - (-44 - -39)) + 7 + 28 + -30.
24
What is the value of (87 - (3 + (7 - 14) + -1 + 10)) + -9?
7